+ -3) a composite number?
False
Suppose -2*i + 2096 = 610. Is i a composite number?
False
Is -6*(-4)/32 + (-1131)/(-12) a prime number?
False
Let x(z) = z**2 + 7*z + 4. Let i be x(-8). Is ((-8)/i)/(2/(-63)) a composite number?
True
Suppose 5*k - 7 = 43. Let y = k - 14. Is ((-7)/4)/(y/112) a composite number?
True
Let w be -1*(-49 + -2 + 1). Suppose o + 4*o = w. Is o a prime number?
False
Suppose -5*m = -5*f - 10 - 25, f - 5*m + 23 = 0. Let u = f + 0. Is u*3/(-18)*12 a prime number?
False
Suppose -768 = -u - 5*x, -x = -4*u - 2*x + 3015. Is u a composite number?
True
Let f(d) = 12*d + 3. Let n be f(3). Suppose n - 133 = -2*y. Is y a prime number?
True
Is 13*314*5/10 composite?
True
Suppose -12*f = -7*f - 2755. Is f composite?
True
Let m = -20 + 30. Let w = -3 - m. Let g = 26 + w. Is g a prime number?
True
Suppose 3*k + 2*r = 3, -2*k + 3*r + 5 = 3. Suppose -5*c - 4*v - 13 = 0, -2*c - 2*c + 5*v + 6 = 0. Let t = k - c. Is t composite?
False
Suppose 4*o + 1118 = 4*a + 22, 836 = 3*a + 4*o. Let f = a - 189. Is f composite?
True
Let p = 21 + -16. Suppose -144 = -p*j + 181. Is j a prime number?
False
Suppose -t = -5*z - 5*t + 35, 0 = -z + 4*t - 17. Suppose -4*y + 132 = -z*y. Suppose -4*j + 496 = -y. Is j a composite number?
False
Let u be -2 - (-2 - (-1 + 2)). Let w be ((-1)/(-2))/(u/(-28)). Is (1*-2)/(w/553) a prime number?
True
Let y(m) = 140*m + 13. Is y(4) composite?
True
Let q be (2356/16 + 3)*-4. Let i = q - -1082. Is i a prime number?
False
Suppose -4*r + 9 = -r. Suppose 0 = -q + 3*w + 62, -3*q + 2*q - r*w = -86. Is q a prime number?
False
Suppose 2*q = -4*v + 822, q - 403 = -v - 3*v. Is q composite?
False
Suppose -4*s = -0*w - 2*w - 94, 3*w = -3*s - 96. Let k(q) = -q**2 - 5*q + 4. Let a be k(-5). Is (w/a)/((-3)/12) a composite number?
False
Let d(h) = 62*h - 5. Is d(2) prime?
False
Let o = 440 + -29. Is o composite?
True
Let l(t) = t**2 + 4*t. Let w be l(-4). Let v be w - (3 + -1)*-2. Suppose v*b + 83 = 391. Is b a prime number?
False
Suppose -9*a + 5*a = 0. Suppose a = 3*t - 64 - 47. Is t a composite number?
False
Suppose 4*r - 260 - 276 = 0. Is r a composite number?
True
Let c(x) = 23*x + 12. Is c(19) a composite number?
False
Let a = -696 - -1183. Is a a prime number?
True
Suppose d - 4 = -2*w, d + 16 = w + 2*w. Suppose w*k - 415 + 2063 = 4*u, -3*k + 3 = 0. Is u a prime number?
False
Is ((-23340)/25)/6*-5 a composite number?
True
Is 254*(-18)/8*4/(-18) composite?
False
Let i = -242 - -556. Let n(t) = t**3 - 4*t**2 + 5*t - 2. Let u be n(3). Suppose -f + 4*g + 89 = 0, -2*g + u*g = 4*f - i. Is f a prime number?
False
Let b = 5 + -6. Let p = 1 - b. Let g = p + 2. Is g a prime number?
False
Suppose 4*i = 4 + 4. Suppose -3*y + 61 = i*u - 3, 160 = 4*u - 2*y. Is u a composite number?
True
Suppose -3*g + 12 = 0, -4*s - 11 = -7*s + g. Let c = s + -11. Let m(l) = l**2 + l + 5. Is m(c) prime?
False
Let k = 81 + 8. Is k composite?
False
Suppose 3056 = -2*p + 4*p. Suppose -5*b - 1852 = p. Let w = -459 - b. Is w a prime number?
False
Let a be (-24)/10 + 4/10. Suppose 3*i + 1 = 5*b, 2*b = i - 0*i. Is ((-16)/i)/(a + 4) a prime number?
False
Suppose 25 = 5*x, -2*i + 10 = -x - x. Let y(k) = 6*k + 22. Is y(i) a prime number?
False
Let z(l) = 647*l**2 - l - 1. Let o be z(-1). Suppose 0 = -u - 2*k + o, -5*u = -3*k - 2*k - 3235. Is u a composite number?
False
Let s(d) = -3*d**2 + 10*d + 7. Let q(c) = 3*c**2 - 9*c - 6. Let r(l) = -5*q(l) - 4*s(l). Let w be r(6). Is (w/6)/((-3)/9) prime?
False
Let h(r) = r**2 - 6*r - 11. Let l be h(8). Suppose -2*f + 3*x = 1042, -l*f - x - 2555 = 4*x. Is f/(-25) - (-4)/10 composite?
True
Let l(p) = -p**2 - 157. Let w be l(0). Let x = -90 - w. Is x a composite number?
False
Let c(h) = h + 2. Let v be c(2). Suppose -4 - v = o. Let a(f) = f**2 - 3*f - 11. Is a(o) a composite number?
True
Let a(t) be the second derivative of 1/4*t**4 + 0 - 2*t - 2/3*t**3 + 5/2*t**2. Is a(-4) prime?
False
Let x be (-3)/(0 + (-1)/1). Let g(q) = q + 1. Let w be g(x). Let c(t) = t**3 - 4*t**2 + 6*t - 5. Is c(w) prime?
True
Suppose -3*a - 5 = -2*a. Let i = 8 + a. Suppose 10 = -4*t + 5*t + 3*b, 0 = -3*b + i. Is t a composite number?
False
Let b(c) = -105*c + 1. Is b(-2) composite?
False
Let z(g) = 3*g**2 + 11*g + 1. Let o be z(-8). Is o/14*74/3 a composite number?
True
Let o(v) = 28*v**2 + 13*v + 6. Is o(-5) a composite number?
False
Suppose -3*h = 2*h. Suppose 2*t + 5*v = v + 370, v = h. Is t prime?
False
Suppose -5*q + 237 = 3*w + w, -2*w + 111 = q. Is w composite?
False
Suppose 4*i = 643 + 873. Is i a composite number?
False
Let r(z) = -2*z - 6. Let x = 0 - 8. Let u be r(x). Suppose -2*h + u = -4. Is h a composite number?
False
Let n(h) = -h**2 - 14*h + 2. Let o be n(-11). Suppose 3*a - 3 - 3 = 0. Suppose o + 83 = a*t. Is t a composite number?
False
Suppose -3*c - 2*c = 3*u - 20, -8 = -2*c - 5*u. Let p be 138 + (3 - (-2 + c)). Suppose 0 = 4*q - 12, 2*n - 3*q - p = -2*n. Is n a prime number?
True
Suppose -f + 3406 = -2373. Is f composite?
False
Suppose 0 = 2*d - 9 + 1. Suppose d*q + h - 41 = 0, 3*h + 2 = 3*q - 25. Is q prime?
False
Suppose 0 = t - 65 + 2. Let y = t + -10. Is y a composite number?
False
Suppose -2*b = -4*r + b + 291, 2*b - 335 = -5*r. Is r a composite number?
True
Is (3/15)/((-1)/(-3505)) a composite number?
False
Suppose 0*m - 3*m = -6. Suppose m*k = 97 + 13. Let y = 88 - k. Is y a composite number?
True
Is (-2)/1*(-3)/(30/3845) prime?
True
Let n(d) = 4*d**2 - 4*d - 19. Is n(15) prime?
True
Let m be 1 - (0 - (2 - 0)). Let n(d) = -d**3 + 2*d**2 + 18*d - 11. Let b be n(5). Suppose u + b*i = 18, -190 = -2*u - m*u + 5*i. Is u a composite number?
True
Let v(y) = -y**3 + 6*y**2 + 6*y - 2. Is v(5) a prime number?
True
Suppose -5*m + 8*m - 1167 = 0. Is m prime?
True
Let z be ((-9)/6)/(6/(-16)). Let k be (2/(-2))/(z/(-12)). Let o(b) = 16*b - 1. Is o(k) composite?
False
Suppose -3 = 5*j - 8. Let b be -2 + (j - 1) - -177. Suppose x = 6*x - b. Is x composite?
True
Is (-2)/(-1*(-4)/(-674)) a composite number?
False
Suppose 245 = 5*q - m - 3*m, 20 = -4*m. Let z = 2 + q. Is z prime?
True
Suppose 2*l - 433 = 41. Is l prime?
False
Let o(x) = x**2. Let l be o(-2). Suppose k + 3*j - 7 = 0, 4*k + 4 = -l*j + 8*j. Is k - 5*(-2)/1 prime?
True
Suppose 6*i - 10 = 4*i. Suppose i*c = -0*c + 20. Suppose y + c*y = 185. Is y a prime number?
True
Let g = 10 - 24. Let x = g - -37. Is x composite?
False
Suppose m + 5 = -2*p, 0*m = -5*m - 4*p - 7. Let u be 5/(-5)*(m + 80). Let z = -44 - u. Is z a prime number?
True
Suppose -3*p + 5406 = -3*s + 2043, 4*s + 3363 = 3*p. Is p prime?
False
Let x be 7 + -4 + 183*1. Suppose 27 = 3*r - x. Is r composite?
False
Suppose 0 = 5*b - 5*l + 25, 4*b = -3*l + 2*l - 5. Let z = 5 - b. Is z composite?
False
Suppose -l = -600 + 184. Let d = -282 + l. Is d a composite number?
True
Suppose 0 = 3*y - 5*l + 27, -4*l + 8 = -2*y - 12. Let s be (y/2)/(-1) - -73. Suppose -1 = 2*m - s. Is m a composite number?
False
Let o(m) = m**3 + 4*m**2 + 4*m + 6. Let h(k) = k**3 + 4*k**2 + 3*k + 6. Let y(i) = -5*h(i) + 4*o(i). Is y(-5) composite?
True
Let z(r) = -4*r + 13. Let n(j) = 3*j - 13. Let l(i) = 3*n(i) + 2*z(i). Let y(v) = v + 1. Let w(c) = l(c) + 4*y(c). Is w(6) prime?
False
Suppose -2*w + 278 = 804. Let l(j) = 4*j**3 + 6*j**2 + 4*j + 2. Let x be l(-4). Let f = x - w. Is f composite?
False
Let w(c) = c + 31*c**3 + 3 + 8*c**2 - 2*c**2 - 6*c - 3*c**2. Is w(2) composite?
True
Let l(y) be the third derivative of -y**6/120 - y**5/12 - y**4/6 - y**2. Let h be l(-4). Suppose h*p + 2*p + 4*s = 114, 4*s = 2*p - 154. Is p prime?
True
Suppose 0 = 4*n - 3 - 17. Suppose n*c + 107 - 368 = -2*w, 5*c = 4*w + 243. Is c a composite number?
True
Let l be (7/4)/(2/8). Let r = l - 2. Suppose 8 = -r*u + 58. Is u composite?
True
Let m = -577 - -1026. Is m prime?
True
Let q(k) = -38*k + 5. Suppose -5*w + 2*w = 12. Is q(w) composite?
False
Let x(o) = 2*o**3 - 2*o**2 + 2*o + 1. Is x(5) composite?
False
Let t be (-621)/(-7) + (-10)/(-35). Let g = t + -36. Is g a composite number?
False
Let b(c) = c**2 + c - 6. Let d be b(-5). Let q(r) = -r**3 + 10*r**2 + 12*r - 12. Let f be q(11). Let o = d - f. Is o a composite number?
True
Suppose o = 4*o - 42. Suppose -m - 3*d = -o - 0, d = m + 2. Suppose -m*k - 2*k + q + 597 = 0, 2*q + 2 = 0. Is k a prime number?
True
Suppose -3*o - 15 = -8